{"id":832,"date":"2026-03-07T09:39:47","date_gmt":"2026-03-07T09:39:47","guid":{"rendered":"https:\/\/visualpyme.es\/?page_id=832"},"modified":"2026-03-07T09:48:14","modified_gmt":"2026-03-07T09:48:14","slug":"aviso-legal","status":"publish","type":"page","link":"https:\/\/visualpyme.es\/index.php\/aviso-legal\/","title":{"rendered":"\/aviso-legal"},"content":{"rendered":"\n<p><strong>AVISO LEGAL<\/strong><\/p>\n\n\n\n<p>En cumplimiento con el deber de informaci\u00f3n recogido en el art\u00edculo 10 de la Ley 34\/2002 de Servicios de la Sociedad de la Informaci\u00f3n y Comercio Electr\u00f3nico (LSSI-CE), se informa que el presente sitio web pertenece a:<\/p>\n\n\n\n<p>Titular: <strong>Ra\u00fal Santiago<\/strong><br>Nombre comercial: <strong>VisualPyme<\/strong><br>Sitio web: <a href=\"https:\/\/visualpyme.es?utm_source=chatgpt.com\">https:\/\/visualpyme.es<\/a><br>Correo electr\u00f3nico: <strong><a>info@visualpyme.es<\/a><\/strong><\/p>\n\n\n\n<p>El acceso y uso de este sitio web atribuye la condici\u00f3n de usuario e implica la aceptaci\u00f3n plena de las condiciones de uso aqu\u00ed reflejadas.<\/p>\n\n\n\n<p>El titular se reserva el derecho a modificar cualquier tipo de informaci\u00f3n que pudiera aparecer en el sitio web, sin que exista obligaci\u00f3n de preavisar o poner en conocimiento de los usuarios dichas modificaciones.<\/p>\n\n\n\n<hr class=\"wp-block-separator has-alpha-channel-opacity\"\/>\n\n\n\n<h3 class=\"wp-block-heading\">Propiedad intelectual<\/h3>\n\n\n\n<p>Todos los contenidos del sitio web, incluyendo textos, im\u00e1genes, dise\u00f1o gr\u00e1fico, logotipos y c\u00f3digo fuente, son propiedad del titular o cuentan con licencia para su uso, estando protegidos por la legislaci\u00f3n vigente de propiedad intelectual.<\/p>\n\n\n\n<p>Queda prohibida su reproducci\u00f3n, distribuci\u00f3n o modificaci\u00f3n sin autorizaci\u00f3n expresa del titular.<\/p>\n\n\n\n<hr class=\"wp-block-separator has-alpha-channel-opacity\"\/>\n\n\n\n<h3 class=\"wp-block-heading\">Responsabilidad<\/h3>\n\n\n\n<p>El titular no se hace responsable del mal uso que se realice de los contenidos del sitio web ni de los da\u00f1os derivados del acceso o uso del mismo.<\/p>\n\n\n\n<p><\/p>\n","protected":false},"excerpt":{"rendered":"<p>AVISO LEGAL En cumplimiento con el deber de informaci\u00f3n recogido en el art\u00edculo 10 de la Ley 34\/2002 de Servicios de la Sociedad de la Informaci\u00f3n y Comercio Electr\u00f3nico (LSSI-CE), se informa que el presente sitio web pertenece a: Titular: Ra\u00fal SantiagoNombre comercial: VisualPymeSitio web: https:\/\/visualpyme.esCorreo electr\u00f3nico: info@visualpyme.es El acceso y uso de este sitio &#8230; <a title=\"\/aviso-legal\" class=\"read-more\" href=\"https:\/\/visualpyme.es\/index.php\/aviso-legal\/\">Read more<\/a><\/p>\n","protected":false},"author":1,"featured_media":0,"parent":0,"menu_order":0,"comment_status":"closed","ping_status":"closed","template":"","meta":{"om_disable_all_campaigns":false,"_monsterinsights_skip_tracking":false,"_monsterinsights_sitenote_active":false,"_monsterinsights_sitenote_note":"","_monsterinsights_sitenote_category":0,"footnotes":""},"class_list":["post-832","page","type-page","status-publish"],"aioseo_notices":[],"_links":{"self":[{"href":"https:\/\/visualpyme.es\/index.php\/wp-json\/wp\/v2\/pages\/832","targetHints":{"allow":["GET"]}}],"collection":[{"href":"https:\/\/visualpyme.es\/index.php\/wp-json\/wp\/v2\/pages"}],"about":[{"href":"https:\/\/visualpyme.es\/index.php\/wp-json\/wp\/v2\/types\/page"}],"author":[{"embeddable":true,"href":"https:\/\/visualpyme.es\/index.php\/wp-json\/wp\/v2\/users\/1"}],"replies":[{"embeddable":true,"href":"https:\/\/visualpyme.es\/index.php\/wp-json\/wp\/v2\/comments?post=832"}],"version-history":[{"count":3,"href":"https:\/\/visualpyme.es\/index.php\/wp-json\/wp\/v2\/pages\/832\/revisions"}],"predecessor-version":[{"id":842,"href":"https:\/\/visualpyme.es\/index.php\/wp-json\/wp\/v2\/pages\/832\/revisions\/842"}],"wp:attachment":[{"href":"https:\/\/visualpyme.es\/index.php\/wp-json\/wp\/v2\/media?parent=832"}],"curies":[{"name":"wp","href":"https:\/\/api.w.org\/{rel}","templated":true}]}}